hat is the value of 10 + -2 + -1 + -2?
5
Evaluate 2 - 0 - (-8 - -3 - -5).
2
Calculate -4 - (10 + -7 + -8).
1
5 - (4 + 0 + 0 + 6)
-5
-4 - 6 - -2 - (-2 + -1)
-5
What is the value of 6 + -4 - -2 - 1?
3
What is the value of 2 + -1 + (4 - 8)?
-3
Calculate -8 + 3 - (-3 - -4).
-6
What is 2 + -9 + 2 - (31 - 25)?
-11
What is 11 + (-4 - (-6 + 2 + 3))?
8
Evaluate 13 - ((14 - 5) + 7).
-3
-5 + 1 + 0 + 8 - -1
5
What is the value of (4 - (3 + 4)) + -2?
-5
Evaluate 0 - 3 - (-1 + 2).
-4
What is the value of -8 - -12 - (2 + -1 - -7)?
-4
What is the value of -3 + (-2 + -3 - -5) + 1?
-2
Calculate 3 + 2 + -2 - -2.
5
Calculate (4 - 5) + 1 + 0.
0
Calculate (-1 - 8 - -6) + 6.
3
What is the value of 0 - (4 + -5 - 1)?
2
What is 1 + -1 + -1 + (-5 - -8)?
2
Calculate (7 - 16) + 7 - 4.
-6
Evaluate 6 - (-1 - (-5 + 1)).
3
Calculate -2 + 24 + -19 + (1 - 1).
3
1 + (-1 - -1) + 8 + -11
-2
(0 - 0) + 11 + -6
5
What is -5 + 3 + -3 + 7?
2
What is the value of 0 - (1 + (0 - -2)) - -3?
0
Calculate -2 - (-1 - 0) - (-13 - -13).
-1
6 + 3 + -6 - 2
1
(-8 - (-5 - -11)) + 7
-7
What is (-4 - 0) + (-4 - -7 - -1)?
0
0 + (0 - (0 + -6))
6
Evaluate (1 + -3 - -4) + -7 + 1.
-4
What is (-2 - -2 - -2) + 1 + -4?
-1
-1 + (1 - 1) + 0
-1
Calculate (1 - -1) + 0 - 3.
-1
(-2 - (3 - (6 + -4))) + 1
-2
(2 - 8) + (29 - 23)
0
Evaluate -2 + (6 + -1 - (8 - 2)).
-3
Evaluate -10 + -10 + 26 + -6.
0
Evaluate -14 + 20 + -10 - (0 - 7).
3
What is the value of -2 - (5 + -4 - -2 - 1)?
-4
-3 + 3 + (14 - 14)
0
Evaluate -1 + 5 - (1 - (-8 + 6)).
1
Evaluate -3 - (1 + -1) - (4 - 2).
-5
What is (-1 - 0) + (7 - (8 - 0))?
-2
-2 + (-1 - -3 - 0 - 1)
-1
What is the value of -7 + (-4 - (-3 + -2 - -4))?
-10
What is the value of -13 + 1 + (-7 - -11)?
-8
What is (-5 + 7 - 3) + -2 + 3?
0
-1 + 1 + 8 + -5 + -2
1
What is (-7 - (7 + -6) - 7) + 8?
-7
What is (-1 - -1) + -10 + 6?
-4
What is 3 + 1 + (-1 - -1) + 0?
4
What is (-2 - (2 - (2 - -7))) + -3?
2
What is the value of 1 + 0 + 1 + -5?
-3
What is the value of -7 + 1 + (-1 - 0) + 4?
-3
What is the value of -16 + 0 + 14 + (1 - -7)?
6
-2 + -1 + -2 + 3 + -2
-4
-3 - ((2 - -2) + -5) - -5
3
(-1 - -10) + -20 + 11 + 9
9
What is the value of 5 - (-54 + 51 + (0 - -4))?
4
What is -110 + 108 + (0 - 5)?
-7
Calculate 5 - (1 + (1 - -4)).
-1
Calculate -6 - ((3 - 6) + -1).
-2
Evaluate 3 + 1 + (1 - 0).
5
-8 + (2 + 9 - -2)
5
What is (-6 - -1 - (1 - 6)) + 2?
2
What is 3 - (15 + (-19 - -12))?
-5
9 + -2 - 6 - (-3 - 1)
5
Calculate -2 + 2 + -4 - 0.
-4
What is the value of (-5 - -3) + 0 + -3 + 1?
-4
Calculate 5 + (10 - 13) + 1 + -2.
1
Calculate (2 - (-1 - (-1 + 0))) + 2.
4
What is 2 - 4 - (-4 - -1)?
1
Evaluate -5 + 26 + -4 - 10.
7
What is -8 + (26 + -6 - 10)?
2
What is the value of -7 - (-5 + 0 + 1)?
-3
0 + 1 - (-20 + 14)
7
-5 - 7 - -10 - 0
-2
Calculate 2 + 1 - (0 - (8 + -6)).
5
What is the value of 1 - (2 + 2 - -2)?
-5
What is the value of 17 - ((-6 - 4) + 19)?
8
What is the value of 0 - (1 - 0 - -2)?
-3
What is the value of -6 - (5 + -6 + -4)?
-1
What is the value of -2 - (-3 - -3) - (-21 + 25)?
-6
Evaluate 2 - 5 - (-3 - 0) - 1.
-1
Evaluate (-3 - 0) + 6 - -1.
4
Calculate 2 - ((-7 - -6) + 1).
2
Calculate -1 + -4 + (-4 - -4) + 5.
0
Calculate -6 + -24 + 12 + (6 - -1).
-11
What is 4 - (-2 - (-3 + -2))?
1
Evaluate -10 + (-3 - -5 - -13).
5
Calculate (0 - 2) + 1 + -43 + 45.
1
Evaluate -8 + -1 - -3 - (-18 + 17).
-5
Evaluate (9 - 2 - 9) + 8.
6
What is -4 + 10 + -17 + 8?
-3
Evaluate (-9 + 4 - -6) + 1.
2
(17 - 19) + (-2 - -9)
5
Evaluate (-4 - -1) + 7 - 14.
-10
What is the value of 3 - ((2 - -3) + -6)?
4
What is (1 - -1) + -3 + (1 - -4)?
4
What is the value of 2 + 0 + 0 - 3?
-1
Calculate (2 - 3) + (7 - 8).
-2
What is -2 + -1 + (-11 + 4 - -14)?
4
(-2 - -1) + -6 + 19 + -11
1
Calculate (4 + -5 - 0) + -4.
-5
Evaluate -31 + 32 + (7 - (1 + -1)).
8
(0 - 3 - -3) + -1 - -4
3
Evaluate -14 + (-8 - -24) + -4 + 0.
-2
What is 1 - (2 - 0 - (-5 + 9))?
3
Calculate 2 - (16 + -12 - (-2 + 0)).
-4
Evaluate 0 - (-3 + (4 - -2)).
-3
What is the value of 16 + -8 - (4 - (5 - 2))?
7
4 - ((4 - (1 + -2)) + 0)
-1
What is the value of (2 - (-3 - -2)) + 0 + -3?
0
4 + 1 + (-10 - (-11 - -3))
3
Evaluate 1 - (-4 - (8 + -18)).
-5
(14 - (9 + 2)) + -8 + 2
-3
What is the value of -8 + (14 - 11 - (3 - -1))?
-9
What is 9 + (-10 - (-4 + 8))?
-5
-15 + (10 - 3 - (0 - 0))
-8
0 - (1 + 3 + -1 - -1)
-4
What is 1 + -2 - (-11 - -9)?
1
-6 + ((0 - -4) + 2 - 7)
-7
What is the value of 3 - 2 - (3 + 1 + 0)?
-3
What is the value of 8 - (0 - (-8 - 2))?
-2
What is 1 + 2 - 7 - -3 - 3?
-4
Evaluate 2 - 2 - 0 - (4 - 1).
-3
What is -5 - (8 + -6) - -3?
-4
What is (-4 - -11) + (-5 - (-6 - -8))?
0
Evaluate 5 - -2 - (-11 - (-11 + 0)).
7
What is the value of -4 - -10 - 5 - 3?
-2
Calculate (-12 - -3) + 7 + -6.
-8
Calculate 2 + 1 + -10 - (-15 - -10).
-2
Evaluate (-8 + (0 - -7) - 2) + -3.
-6
Calculate 8 + -9 + -3 + 5 + 2.
3
Calculate -6 + -5 + (-5 - 0 - -13).
-3
Evaluate 8 + -3 - (5 + -1).
1
Calculate 4 + 0 - (-12 + (11 - 0)).
5
What is the value of 9 + (-15 + 5 - -2)?
1
Evaluate 4 + (2 - (6 + 3 + -4)).
1
What is the value of 2 - 1 - (2 - (2 - 6))?
-5
What is the value of -2 - (-11 - -5 - 1)?
5
What is -4 - (5 + (-12 + 5 - -2))?
-4
Evaluate -1 - 5 - -4 - -3.
1
Evaluate -1 + (1 - 2) + -1 + 6.
3
What is the value of (8 - -1) + (1 - 6)?
4
(2 - -1) + (1 - 2)
2
What is the value of (-4 + 4 + 4 - 4) + -4?
-4
Evaluate 2 + -4 - (2 + -7) - 1.
2
What is the value of -2 - (-6 - -6 - -1 - 6)?
3
What is the value of -2 + -8 + 5 + (0 - -2)?
-3
What is 8 - (0 - (-7 - 3))?
-2
(7 - 3) + (3 - 9)
-2
Calculate 0 + 7 - (-10 + -15 + 24).
8
What is the value of (-2 - (-3 + 2)) + 0 - -2?
1
Evaluate 102 + -98 + (9 - (0 + 2)).
11
5 - (-2 - 1 - -2) - 3
3
-1 + -2 + 1 + 5
3
What is 2 + (3 - (1 + 0)) + -9?
-5
What is (2 - (7 - -9) - -5) + 1?
-8
What is (0 - 3) + -1 + 2 + 0?
-2
Evaluate 15 - 9 - 11 - (-1 - -3).
-7
Calculate (1 - -3) + (139 - 139).
4
What is the value of (13 - 18) + -1 + 7?
1
Calculate (-11 - -8) + 3 + -6.
-6
(4 - (2 + -3)) + -14 + 11
2
What is -6 - -4 - (2 - 4 - 0)?
0
What is (2 - 0) + -5 + -2?
-5
What is (-8 - (3 + -2 - 5)) + 8?
4
Calculate -1 + -12 + 5 + 12.
4
Calculate (-1 - 0 - 1) + -253 + 259.
4
Calculate 4 + (-1 - 2) + 0 + 3.
4
Evaluate -1 - (-5 - -8) - -2.
-2
-41 - -39 - (-1 - (-4 + 1))
-4
Evaluate (2 - 1) + (3 - 5 - -4).
3
(-5 - -3) + (-1 - -5) - -3
5
-2 + (22 - 26) + 7 + -1
0
Evaluate 203 + -193 + (-16 - -1).
-5
Evaluate (1 - 1 - (9 - 7)) + 0.
-2
Calculate 0 + 2 - (201 - 200).
1
Calculate 0 - (5 + -7 + -3).
5
(6 - 10) + (-5 - (1 - 10))
0
Evaluate -9 + -2 + 5 - -1.
-5
5 + (2 - 0) + -51 + 37
-7
Calculate (0 - (2 - (0 - -3))) + 0.
1
Evaluate -2 + (6 - (-1 + 3 - -1)).
1
What is the value of 5 - (-2 + 0 + 3)?
4
-6 + (1 + 5 - 1)
-1
Calculate (7 - -3) + -9 + 6.
7
What is the value of 2 + 0 - (2 + 0)?
0
What is the value of 0 + (3 - 2 - (-2 - -5))?
-2
3 - (0 - -8 - 4)
-1
Evaluate 4 + 0 + -8 - (2 + -5).
-1
What is the value of 4 + -1 - (-10 + 18)?
-5
Calculate 5 + (-1 + -4 + 1 - -6).
7
What is 2 + (-1 - -9) + (16 - 22)?
4
What is (2 - 2 - 1) + (30 - 28)?
1
What is the value of (-9 - -5 - 2) + 4?
-2
Calculate -3 + -6 + 0 + 4.
-5
Calculate 29 + -27 - (1 - -1).
0
Evaluate (-2 - (0 + -1)) + 8 + -7.
0
What is (0 - (5 + -3) - -13) + -6?
5
Calculate -1 + (38 - 42) + 1 + 11.
7
Calculate -5 + 10 + (-3 - (2 - 3)).
3
Evaluate -5 - (-2 + (4 - 4)).
-3
Evaluate (-7 + 16 - 9) + -2.
-2
What is the value of -7 + 0 + (8 - (8 + -3))?
-4
Calculate (-3 - (-1 - 5 - -9)) + 4.
-2
Calculate 1 - (1 + -3 + 3) - -3.
3
Calculate -10 + (4 - -1) + -1 + 3.
-3
Evaluate -4 + (-8 - (-9 + 0)).
-3
-2 + 4 - (-9 + (10 - 3))
4
5 + (-2 + 4 + -3 - 1)
3
(6 - 2) + (7 + -3 - 3)
5
6 - (-3 + 14 - (5 - 3))
-3
Calculate 6 - (-3 + 4 + 3).
2
Evaluate -2 - ((0 - 2) + 2).
-2
Evaluate 3 + -3 + -1 - (0 + 4).
-5
Calculate 3 + (-9 - -2) - -3.
-1
What is the value of -1 - 0 - (4 + -6)?
1
Calculate -2 + (-1 - (-5 + 1)).
1
What is -7 - (0 + -2) - (-8 - -5)?
-2
-2 + 0 - (6 + 4 + -15)
3
-6 + 5 - (2 - 6)
3
What is the value of -8 + -1 + 3 + 2 + 1?
-3
Calculate ((2 - -1) + -1 - 5) + 3.
0
Calculate (4 - (0 - 1)) + -3.
2
What is the value of -6 - (5 + -11 + 2)?
-2
Calculate -4 - ((-5 - -2) + 0 + 4).
-5
4 + 0 + 0 + 0
4
(2 - 11) + 6 + 3
0
Evaluate -3 - -10 - 1 - 1.
5
Calculate 6 - ((7 - 3) + -2).
4
Calculate 0 + (4 - (8 - (4 - 0))).
0
Calculate 2 - (-5 + (5 - 1)).
3
What is 